vided by y?
32
Suppose -2*m = -7*m. Suppose 3*p = 3*v - 2*p - 46, -2*v + 3*p + 30 = m. Suppose -h - h + 44 = 0. What is the remainder when h is divided by v?
10
Suppose 5*r - 18 - 107 = -4*u, -38 = -3*r + 5*u. What is the remainder when 4/6*-6 - -64 is divided by r?
18
Let t(v) = -v**3 + v**2 + v + 1. Let r(j) = 4*j**3 + j**2 - 9*j - 5. Let k(s) = r(s) + 3*t(s). Calculate the remainder when k(-4) is divided by 8.
6
Let p be (1 + 0)/(7/(-14)). Suppose 2*i - 7*i + 74 = 4*n, 3*i = 6. Calculate the remainder when n is divided by p + (-3 - -10 - -4).
7
Let g(u) = -u**2 - u - 16. Let i be g(0). Let j = 2 - i. Calculate the remainder when j is divided by 10.
8
Let c(v) be the second derivative of -2*v**2 - 2*v + 0 + 1/6*v**3. What is the remainder when 2 is divided by c(5)?
0
Let f(t) = -5*t**2 - 6*t - 6. Let r be f(-4). Let l = r - -22. Let w = -25 - l. What is the remainder when 43 is divided by w?
13
Suppose -255 = -5*m - 0*m. What is the remainder when m is divided by 154/6 - (-2)/6?
25
Suppose -2*t = -5*t - 3. Calculate the remainder when 1/(-12)*-4 + (-2)/(-3) is divided by -1*(t + (0 - 0)).
0
Let k = 28 - 15. What is the remainder when k is divided by 7?
6
Let d(i) = -4*i**3 + 3*i**3 + 7 + 6*i**2 - 2*i + i. Let v be d(6). Calculate the remainder when (v - 2) + 4 - -14 is divided by 9.
8
What is the remainder when 4 - (-31 + 12/(-3)) is divided by 7?
4
Let w(u) = 4 + u + 4*u**2 + 0 - 2. Calculate the remainder when w(3) is divided by 14.
13
Let k(o) = o - 11. Let d be k(9). Let x = d - -29. Calculate the remainder when x is divided by 7.
6
Suppose 28 = 5*c + 3. Suppose -4*o = -7 + 15. What is the remainder when c is divided by (3/o)/((-9)/12)?
1
Let d = -1 - -11. Suppose m - 2*r + 25 = 2*m, -95 = -3*m + 4*r. Calculate the remainder when m is divided by d.
9
Let q = 23 - 19. What is the remainder when 16 is divided by q?
0
Suppose 9*i - 28 = 5*i. Suppose 0 = -2*g + 3*g - 2, 42 = 2*o - 5*g. Calculate the remainder when o is divided by i.
5
Suppose 6*i = i + 45. Suppose 3*o + i = 2*x - 0*o, -4*o - 16 = -4*x. Suppose -2*l = v - 8 - 9, x*l - 4*v = 9. Calculate the remainder when l is divided by 4.
3
Let x be (-2)/1*(-1)/1. Suppose -x*w - 24 = -5*w. Suppose -w*u = -5*u - 48. Calculate the remainder when u is divided by 9.
7
Suppose -3*h = -5*h + 26. Let v be 3*(-3)/((-9)/2). Let l = v + h. What is the remainder when 44 is divided by l?
14
Suppose 9*v - 6*v = 87. Calculate the remainder when 115 is divided by v.
28
Suppose 0 = -3*p - 4*y + 63, -3*p + 34 = -3*y - 50. Let d = -17 + 26. Calculate the remainder when p is divided by d.
7
Let v be (56/14)/((-1)/(-2)). Suppose -v = 3*z - 29. What is the remainder when 33 is divided by z?
5
Let w = 47 + -25. Let h(s) = -2*s - 10. Calculate the remainder when w is divided by h(-11).
10
Let t = -76 - -137. Suppose y - i = 69, y - 4*i - t = 5. Calculate the remainder when y is divided by 18.
16
Suppose 5*o + 3*w + 17 = 5*w, 3*w = 3. Let f be o/(-1) + 1 + 1. Suppose -f*n = -n - 36. What is the remainder when 24 is divided by n?
6
Let d = -75 - -198. What is the remainder when d is divided by 31?
30
Let t = 217 + -106. Let r = -58 + t. What is the remainder when r is divided by 14?
11
Suppose 3*z - 2*a = 40, -z = 4*z - a - 62. Suppose 0*i - 33 = 5*i - g, 24 = -3*i + 2*g. What is the remainder when (-138)/(-4)*(-4)/i is divided by z?
11
Let h be ((-4)/(-3))/((-4)/(-114)). Suppose 107 + h = 5*z. Calculate the remainder when z is divided by 15.
14
Let j = 8 - 6. Suppose -b + 12 = j*b. Calculate the remainder when -2 - 1 - (7 + -20) is divided by b.
2
Suppose p - 4*v = 2*p, 2*p + 3*v = 0. Suppose 3*z - 23 - 19 = p. Calculate the remainder when 25 is divided by z.
11
Let f(p) = 2*p**2 + 12*p + 5. Let h(x) = 3*x**2 + 13*x + 5. Let g(t) = 4*f(t) - 3*h(t). What is the remainder when g(7) is divided by 10?
9
Suppose 0 = 5*s - 2*y + 5*y - 13, s + 2*y = -3. What is the remainder when 13 is divided by s?
3
Let q = 55 - 33. What is the remainder when (-5)/(-5) - (1 - q) is divided by ((-3)/6 + 2)*8?
10
Let y(f) = 3*f**2 - 2*f - 3. Suppose o - 10 = -4*o. Calculate the remainder when y(-1) is divided by o.
0
Calculate the remainder when 2/((-111)/113 + 1) is divided by 57.
56
Let r(u) = 42*u + 2. What is the remainder when r(1) is divided by 24?
20
What is the remainder when (4/8)/1*94 is divided by 24?
23
Suppose 3*n - 2*j - 75 = -7*j, 0 = 4*n - 2*j - 74. Calculate the remainder when ((-58)/(-6))/((-1)/(-6)) is divided by n.
18
Let p = 3 + 0. Suppose -k + 3 = 2*k. Suppose -k - 9 = -5*x. What is the remainder when p is divided by x?
1
Suppose 4*g = -5*v - 83, 0 = 5*v + 2*g + g + 81. What is the remainder when 25 is divided by (-215)/v - (-2)/(-6)?
11
Let q be (-7)/((-21)/(-12)) - -6. Suppose 0 = 2*x - 4 - q. Suppose 4*y = -5 + 21. Calculate the remainder when y is divided by x.
1
Suppose o = -0*o + 3. Let y = -1 + o. Suppose 0 = y*i - 2*j - 10, 3*i + i = j + 23. Calculate the remainder when 11 is divided by i.
5
Suppose -5*g = 5*h + 5, 7 = -5*h + 2. Let t = g - -3. Suppose 2*a = 5*q - 5 + 14, t*a + 2*q - 4 = 0. Calculate the remainder when a is divided by 2.
0
Suppose -3*i - 159 = -6*i. Suppose i + 52 = 4*t + 5*p, 0 = -t - p + 25. Calculate the remainder when 37 is divided by t.
17
Suppose -3*n - m + 225 = 2*n, -n + m + 45 = 0. Calculate the remainder when 222 is divided by n.
42
Suppose -70 = p - 6*p. Let a(i) = i**3 - 7*i**2 + 2*i - 6. What is the remainder when p is divided by a(7)?
6
Let j(l) = 5*l**2 + 2*l + 1. Calculate the remainder when j(-2) is divided by 4.
1
Suppose -2*q - 3*q + 109 = -3*i, 2*i - 4*q + 76 = 0. Let m = -22 - i. Calculate the remainder when 16 is divided by m.
4
Let h be 6/9 - (-32)/6. Suppose j - 27 = -2*n, h*n = 2*n - 5*j + 63. Suppose g + 4*x = 2*g + 1, -8 = -4*x. Calculate the remainder when n is divided by g.
5
Let r = 26 - 11. What is the remainder when (44/(-3))/((-5)/r) is divided by 23?
21
Let h = 6 + -3. Suppose -l = -h*v + 4*l - 9, 4*v - 3*l + 1 = 0. Suppose -22 - 36 = -v*j. Calculate the remainder when j is divided by 16.
13
Suppose -7*g + 3*g + 2*t = -50, -3*t = 2*g - 13. Let c = -14 - -35. Calculate the remainder when c is divided by g.
10
Suppose -2*c - 56 = -88. What is the remainder when 57 is divided by c?
9
Let r(m) = 10*m - 5. Let h(j) = j**3 - 2*j + 117. Let s be h(0). Calculate the remainder when r(4) is divided by (-6)/8 + s/12.
8
Let m(v) = -v**3 + 6*v**2 + 5*v + 2. Suppose 4*k - 8 = 2*k. What is the remainder when m(k) is divided by 14?
12
Let o = 10 + -10. Let p = o - 9. Let z = p - -20. What is the remainder when 21 is divided by z?
10
Let o(w) = 3*w**2 - 4*w - 2. Let k be 0/(1 + (-2)/(-1)). Let h = k - -19. What is the remainder when o(-3) is divided by h?
18
Suppose 0 = -l - 3*l - 120. Let z be (-110)/(-4) - l/20. Suppose 2*s = z - 1. What is the remainder when s is divided by 8?
6
Calculate the remainder when 47/(1 + (-3)/12*0) is divided by 18.
11
Let g(j) = 5*j**2 + 3*j - 2. Let w be (-1 + 2)*9*-1. Let z = w + 22. Calculate the remainder when g(2) is divided by z.
11
What is the remainder when 63 is divided by (-492)/(-15) - (-4)/(-5)?
31
Suppose -5*n - 4*o + 45 = 0, 26 - 1 = n + 4*o. What is the remainder when n is divided by 1?
0
Suppose -4*s + 10 + 5 = -v, 3*s - 3 = -2*v. Let i = 6 - 8. What is the remainder when (77/14)/((-1)/i) is divided by s?
2
Suppose -2*r = 4*y - y - 53, 4*y - 122 = -5*r. Let q = 66 + 20. Calculate the remainder when q is divided by r.
20
Let h(p) = -p**3 - 4*p**2 - 4*p - 5. Calculate the remainder when h(-4) is divided by 4.
3
Suppose a - 12 = -2*d + 7, -7 = -3*a + 4*d. Calculate the remainder when 96 is divided by a.
6
Let f(p) = -p**2 - 11*p + 5. Calculate the remainder when f(-10) is divided by 6.
3
Let u = 2 + 0. Let f(i) = 2*i**3 + 2*i**2 - 2*i + 3. Calculate the remainder when f(u) is divided by (-116)/(-10) - (-6)/15.
11
Let y be -3*10/(-12)*2. Suppose z - 20 = -0*z - 5*s, 5*z + 20 = y*s. Let l = z - -6. What is the remainder when 11 is divided by l?
5
Let z(r) = -12*r - 3. Calculate the remainder when z(-5) is divided by 21.
15
Calculate the remainder when 1872/120*10/4 is divided by 10.
9
Let f(n) = n**3 + 4*n**2 - 4*n + 1. Suppose 12 = 4*u, -y + 3*u + 3 = -5*y. What is the remainder when 64 is divided by f(y)?
20
Let m(k) = -6 - 1